3)/(9/(-321)) - 0)/(-1). Let g = 227 + c. Let f = 206 - g. What are the prime factors of f?
2, 43
Let v be (-6)/(-5)*(50 - 40). Suppose 17*i = r + v*i - 724, 5*i = -25. What are the prime factors of r?
3, 233
Suppose m + 4*m = 3*l + 119, 4*m + 137 = -3*l. Let o = l + 48. Suppose -57 = o*d - 167. What are the prime factors of d?
2, 11
Let g = 62 + -59. Suppose g*q + 51 = 246. Let o = -22 + q. List the prime factors of o.
43
Suppose -3*r - 3668 = -x, -2*x + 5*r = r - 7334. Suppose 0 = -16*j + x + 2175. What are the prime factors of j?
5, 73
Suppose 0 = -259*l + 7734998 + 10476582 - 2504007. List the prime factors of l.
60647
Let a be (-1)/8 + 2322/16. Suppose 95*u - a = 94*u. List the prime factors of u.
5, 29
Let w(j) = 2*j**2 + 42*j + 39. Let k be w(-20). List the prime factors of 2 + 3 - k - -15.
3, 7
Let g be -1 + 6 + -2 - -27. Let f = 32 - g. Suppose -5*k + 202 = -f*h, k - 37 = -0*k - 3*h. What are the prime factors of k?
2, 5
Suppose 23*q = 19*q - 8, i = -q + 4506. List the prime factors of i.
2, 7, 23
Let b be 32/(-18)*-3*99/(-22). Let s be (b/14)/((-2600)/868 - -3). List the prime factors of 4/(-5) + s/(-15).
2, 3
Let g(v) = -32*v + 6. Let y be g(2). Let r = -56 - y. Suppose z + 102 = f - 2*z, -f + 122 = r*z. List the prime factors of f.
2, 3, 19
List the prime factors of 25443 + 249 + 22*-1.
2, 5, 17, 151
Suppose -4*x - 3 = 5*w - x, -2*x = 4*w + 2. Suppose 3*k + 5 = 2, w = 3*g + 4*k - 2423. What are the prime factors of g?
809
Let y(h) = 2*h**2 + 24*h + 54. Suppose -2*x - 37 = -3*q, 0 = 2*x - q + 7 + 24. What are the prime factors of y(x)?
2, 5, 11
Let b(l) be the second derivative of 7/2*l**2 - 63/2*l**3 + 0 - 36*l. What are the prime factors of b(-1)?
2, 7
Let o(a) = 614*a**2 + 11*a + 58. List the prime factors of o(-3).
7, 13, 61
Suppose 47 - 49 = -j. What are the prime factors of (-157 + j)*18/(-10)?
3, 31
Let b be (-36)/48 - 206/(-8). What are the prime factors of ((-944)/(-10))/(1 + (-20)/b)?
2, 59
Let g be 2085/9 + (-2)/(-6). Let s = -1266 + 1121. Let x = s + g. List the prime factors of x.
3, 29
Suppose -w - j + 18 = -0*w, -2*w + 39 = 5*j. Suppose -14*r - 9 = -w*r. Suppose 5*c - r*c - 521 = -5*b, 0 = -5*c - 4*b + 1294. List the prime factors of c.
2, 3, 43
Suppose -9*d = -2*d + 714. Let h = d - -343. List the prime factors of h.
241
Let w = 37 - 85. Let y = -42 - w. Let b = 104 - y. List the prime factors of b.
2, 7
Suppose 11*g = -15*g + 53196. Suppose -2*n = -4*b + 890 + g, n = 5*b - 3664. What are the prime factors of b?
2, 3, 61
Let b(j) = -3*j + 16. Let x be b(5). Let y be (3 + x/(-1))/(3/735). Suppose 496 = 4*d - k + 5*k, -4*d - 2*k = -y. What are the prime factors of d?
11
Let i = 949 + -641. Suppose -k + 12*k + i = 0. Let q = -3 - k. What are the prime factors of q?
5
Let o(l) = -32*l**2 + 98*l - 2. Let q be o(3). Suppose 7446 = 5*i - 3*r, 3*i + q*r = -671 + 5156. List the prime factors of i.
3, 7, 71
Let h(b) = -b**2 - 6*b - 7. Let a be h(-9). List the prime factors of (-4)/a - (-122780)/238.
2, 3, 43
Suppose 2*t + 10 = 0, -3*s = -14*t + 11*t - 52161. What are the prime factors of s?
2, 3, 2897
List the prime factors of 2361 - -2 - ((-270)/720 - 105/(-24)).
7, 337
Let d(c) = -201*c + 15. Let q be d(4). Let r = q + 1267. Suppose -4*l + r = -86. List the prime factors of l.
3, 47
Let y be ((-8)/(-30))/((-2)/5)*-459. Suppose 4*z + 5*z = y. Suppose -z*c + 31*c = -207. List the prime factors of c.
3, 23
Let j be ((-189)/18)/((-3)/(-8)*-2). Let n(g) = 34 - j - 5 + 8*g + g. What are the prime factors of n(5)?
2, 3, 5
Suppose -59*k + 198033 + 250861 = 141032. List the prime factors of k.
2, 2609
Suppose 4*l = 0, -10*l = -5*i - 8*l + 55. Let g(j) = 8*j + 404. What are the prime factors of g(i)?
2, 3, 41
Suppose -6*o = -2*o - 20. Suppose o - 3 = 2*i, -i + 116 = 5*h. Suppose -b + 42 = -h. What are the prime factors of b?
5, 13
Let z(h) = h**3 + h**2 + h - 10. Let s be z(2). Let y(p) = 125*p**2 + 22. What are the prime factors of y(s)?
2, 3, 337
Suppose -53557 = -3*p - 2*v - 0*v, 2*p - 4*v = 35710. What are the prime factors of p?
3, 11, 541
Let o(z) = z**2 - 4*z + 8. Let r be o(3). Let y(h) = -h**3 + 6*h**2 - 3*h + 13. Let n be y(r). Suppose -603 = -26*k + n*k. List the prime factors of k.
3, 67
Let k(n) = -223*n**3 - 11*n**2 - 28*n - 30. What are the prime factors of k(-3)?
2, 3, 83
Let t = 64 - 91. Let r = t - -62. Suppose -c + 128 = -3*h, -188 = -c - 2*h - r. List the prime factors of c.
11, 13
Let l = -62 + -78. Let k = -23 - -258. Let m = k + l. List the prime factors of m.
5, 19
Let p(i) = -18*i - 34. Let j = 166 + -182. What are the prime factors of p(j)?
2, 127
Suppose -154 = 8*t - 9*t. Suppose u + 1609 = 5*p, -3*u + 1105 = 3*p + t. List the prime factors of p.
3, 107
Let y(f) = -32*f + 49. Suppose w - 5*l = -7 - 17, 27 = -2*w + 3*l. List the prime factors of y(w).
337
Let o = 23 - -24. Let i = o + 53. List the prime factors of (i/6)/((-1)/(-3)).
2, 5
Suppose 5*g - t = 130211, 78105 = -19*g + 22*g + 3*t. List the prime factors of g.
26041
Let i(m) = 513*m**2 - 6*m - 4. Suppose 4*d + 2*g + 6 = 0, 5*d = -2*g + 5*g - 2. List the prime factors of i(d).
5, 103
What are the prime factors of -3805*(-123)/20*(-192)/(-144)?
41, 761
What are the prime factors of (-1)/(((-57)/(-84626))/((-6)/2))?
2, 17, 131
Suppose 0 = 28*v - 29*v + 361. Suppose -7*j - 301 = 2*x - 4*j, 0 = -4*x + 4*j - 612. Let h = x + v. What are the prime factors of h?
11, 19
Let j = 5380 - -114. What are the prime factors of j?
2, 41, 67
Suppose -4*m + 87 = 75. Suppose m*p = -3*j + 513, 4*j = 5*p - 484 - 362. What are the prime factors of p?
2, 5, 17
Let i be 3*(-33)/(-21) + (-44)/(-154). Suppose 1281 = i*b - 3*u, 4*u + 263 = b + 17. List the prime factors of b.
2, 3, 43
Suppose 236*k + 214880 = 253*k. What are the prime factors of k?
2, 5, 79
List the prime factors of -5 - (-10 + (-232)/(-16))*-8066.
2, 43, 211
Let x = 5946 - -9380. What are the prime factors of x?
2, 79, 97
Suppose -b - 9*y = -12*y + 375, y - 730 = 2*b. Let s = -148 - b. What are the prime factors of s?
5, 43
Let f be (-25)/2*(-1224)/(-85). Let s = f + 315. Suppose 5*r + 20 = 0, 3*k + 2*r = s + 64. List the prime factors of k.
3, 23
Suppose 75886 = 5*z - 2*j - 119293, 0 = 3*z - 3*j - 117102. List the prime factors of z.
103, 379
What are the prime factors of 141134/10 + (-4 - ((-73)/5 + 11))?
11, 1283
Suppose 0 = 2*v - 11 + 5. Suppose -v*s + 3*o + 24 = -0*s, -37 = -2*s - 5*o. Suppose 1877 - 524 = s*g. What are the prime factors of g?
3, 41
Let q = -120944 - -203897. List the prime factors of q.
3, 13, 709
Suppose -c = 6*n - 9*n + 14, -3*n = -6. What are the prime factors of 1226 + 12/c*6?
1217
Let a(i) = -12*i**3 - 4*i**2 + 12*i + 3. Let y be a(5). Let c = -122 - y. List the prime factors of c.
5, 283
Let j be 43*((-42)/5)/7*5. Let f = j - -535. What are the prime factors of f?
277
Suppose 8*j = 24 - 32. Let l = j - -669. List the prime factors of l.
2, 167
Suppose -26*t + 349888 = 99664. List the prime factors of t.
2, 3, 401
Let o = 135 + -406. Let w = 88 - o. List the prime factors of w.
359
Let b(u) be the first derivative of 2*u + 2*u**2 + 25 + 3*u + 8*u. What are the prime factors of b(6)?
37
Suppose -2*k - 11 = -s, -10*s + 9*s = -4*k - 15. Let i(t) = 26*t + 26. List the prime factors of i(s).
2, 13
Suppose 50*y + 14513 = 73616 + 6297. List the prime factors of y.
2, 3, 109
Let z = 7 - 11. Let t be 15/3*(5 + z). Suppose 37 = 4*p - 2*b - 55, t*p - b - 109 = 0. What are the prime factors of p?
3, 7
Suppose 5*n = -2*a + 30627, 11874 = 4*n + a - 12627. List the prime factors of n.
5, 7
Let p(a) = -1347*a - 190. What are the prime factors of p(-3)?
3851
List the prime factors of (-22 - -34824) + (-6)/(-21) + (-10)/35.
2, 17401
Let u = -42 - -49. Suppose -436 = -u*f + 3*f. What are the prime factors of f?
109
Suppose -12*v + 23*v - 88 = 0. Suppose 0 = -5*l - 3*x + 1507, -5*x = -12 - v. List the prime factors of l.
13, 23
Suppose -10*r + 4*r = -18. Suppose 5*x - 24 + 0 = -r*b, 4*b - 24 = -4*x. Suppose o - 244 = -x*s - o, 4*s - 292 = 4*o. List the prime factors of s.
2, 3, 13
Suppose -m - 4*o + 2*o = -7, 0 = 4*m + 4*o - 24. Suppose -5*u + 480 = y, 0 = u + m*y - 6*y - 102. List the prime factors of u.
97
Let g(c) be the second derivative of c**5/60 + 5*c**4/24 - c**3 + 3*c. Let k(o) be the sec